{"id":2,"date":"2024-06-08T13:21:17","date_gmt":"2024-06-08T11:21:17","guid":{"rendered":"http:\/\/jonathanfavorel.fr\/?page_id=2"},"modified":"2024-07-25T19:11:43","modified_gmt":"2024-07-25T17:11:43","slug":"page-d-exemple","status":"publish","type":"page","link":"https:\/\/www.jonathanfavorel.fr\/?page_id=2","title":{"rendered":"\u00c0 Propos"},"content":{"rendered":"\r\n<p style=\"text-align: center;\"><span style=\"font-size: 12pt;\">J&rsquo;ai obtenu mon Dipl\u00f4me Technicien Audiovisuel Multitechnique (RNCP 2), en alternance, \u00e0 l&rsquo;\u00e9cole EICAR, en 2017.<\/span><\/p>\r\n<table style=\"border-collapse: collapse; width: 100%;\">\r\n<tbody>\r\n<tr>\r\n<td style=\"width: 50%;\">\r\n<p><img decoding=\"async\" class=\"aligncenter wp-image-761 size-full\" src=\"http:\/\/jonathanfavorel.fr\/wp-content\/uploads\/2024\/07\/JF-1.jpg\" alt=\"\" width=\"388\" height=\"500\" srcset=\"https:\/\/www.jonathanfavorel.fr\/wp-content\/uploads\/2024\/07\/JF-1.jpg 388w, https:\/\/www.jonathanfavorel.fr\/wp-content\/uploads\/2024\/07\/JF-1-233x300.jpg 233w\" sizes=\"(max-width: 388px) 100vw, 388px\" \/><\/p>\r\n<\/td>\r\n<td style=\"width: 50%;\"><img decoding=\"async\" class=\"aligncenter wp-image-762 size-full\" src=\"http:\/\/jonathanfavorel.fr\/wp-content\/uploads\/2024\/07\/JF-2-low.jpg\" alt=\"\" width=\"409\" height=\"500\" srcset=\"https:\/\/www.jonathanfavorel.fr\/wp-content\/uploads\/2024\/07\/JF-2-low.jpg 409w, https:\/\/www.jonathanfavorel.fr\/wp-content\/uploads\/2024\/07\/JF-2-low-245x300.jpg 245w\" sizes=\"(max-width: 409px) 100vw, 409px\" \/><\/td>\r\n<\/tr>\r\n<\/tbody>\r\n<\/table>\r\n<p style=\"text-align: center;\"><\/p>","protected":false},"excerpt":{"rendered":"<p>J&rsquo;ai obtenu mon Dipl\u00f4me Technicien Audiovisuel Multitechnique (RNCP 2), en alternance, \u00e0 l&rsquo;\u00e9cole EICAR, en 2017.<\/p>\n","protected":false},"author":1,"featured_media":0,"parent":0,"menu_order":0,"comment_status":"closed","ping_status":"closed","template":"","meta":{"ngg_post_thumbnail":0,"footnotes":""},"class_list":["post-2","page","type-page","status-publish","hentry"],"yoast_head":"<!-- This site is optimized with the Yoast SEO plugin v27.0 - https:\/\/yoast.com\/product\/yoast-seo-wordpress\/ -->\n<title>\u00c0 Propos - Jonathan Favorel<\/title>\n<meta name=\"robots\" content=\"index, follow, max-snippet:-1, max-image-preview:large, max-video-preview:-1\" \/>\n<link rel=\"canonical\" href=\"https:\/\/www.jonathanfavorel.fr\/?page_id=2\" \/>\n<meta property=\"og:locale\" content=\"fr_FR\" \/>\n<meta property=\"og:type\" content=\"article\" \/>\n<meta property=\"og:title\" content=\"\u00c0 Propos - Jonathan Favorel\" \/>\n<meta property=\"og:description\" content=\"J&rsquo;ai obtenu mon Dipl\u00f4me Technicien Audiovisuel Multitechnique (RNCP 2), en alternance, \u00e0 l&rsquo;\u00e9cole EICAR, en 2017.\" \/>\n<meta property=\"og:url\" content=\"https:\/\/www.jonathanfavorel.fr\/?page_id=2\" \/>\n<meta property=\"og:site_name\" content=\"Jonathan Favorel\" \/>\n<meta property=\"article:modified_time\" content=\"2024-07-25T17:11:43+00:00\" \/>\n<meta property=\"og:image\" content=\"http:\/\/jonathanfavorel.fr\/wp-content\/uploads\/2024\/07\/JF-1.jpg\" \/>\n<meta name=\"twitter:card\" content=\"summary_large_image\" \/>\n<meta name=\"twitter:label1\" content=\"Dur\u00e9e de lecture estim\u00e9e\" \/>\n\t<meta name=\"twitter:data1\" content=\"1 minute\" \/>\n<script type=\"application\/ld+json\" class=\"yoast-schema-graph\">{\"@context\":\"https:\/\/schema.org\",\"@graph\":[{\"@type\":\"WebPage\",\"@id\":\"https:\/\/www.jonathanfavorel.fr\/?page_id=2\",\"url\":\"https:\/\/www.jonathanfavorel.fr\/?page_id=2\",\"name\":\"\u00c0 Propos - Jonathan Favorel\",\"isPartOf\":{\"@id\":\"https:\/\/www.jonathanfavorel.fr\/#website\"},\"primaryImageOfPage\":{\"@id\":\"https:\/\/www.jonathanfavorel.fr\/?page_id=2#primaryimage\"},\"image\":{\"@id\":\"https:\/\/www.jonathanfavorel.fr\/?page_id=2#primaryimage\"},\"thumbnailUrl\":\"http:\/\/jonathanfavorel.fr\/wp-content\/uploads\/2024\/07\/JF-1.jpg\",\"datePublished\":\"2024-06-08T11:21:17+00:00\",\"dateModified\":\"2024-07-25T17:11:43+00:00\",\"breadcrumb\":{\"@id\":\"https:\/\/www.jonathanfavorel.fr\/?page_id=2#breadcrumb\"},\"inLanguage\":\"fr-FR\",\"potentialAction\":[{\"@type\":\"ReadAction\",\"target\":[\"https:\/\/www.jonathanfavorel.fr\/?page_id=2\"]}]},{\"@type\":\"ImageObject\",\"inLanguage\":\"fr-FR\",\"@id\":\"https:\/\/www.jonathanfavorel.fr\/?page_id=2#primaryimage\",\"url\":\"http:\/\/jonathanfavorel.fr\/wp-content\/uploads\/2024\/07\/JF-1.jpg\",\"contentUrl\":\"http:\/\/jonathanfavorel.fr\/wp-content\/uploads\/2024\/07\/JF-1.jpg\"},{\"@type\":\"BreadcrumbList\",\"@id\":\"https:\/\/www.jonathanfavorel.fr\/?page_id=2#breadcrumb\",\"itemListElement\":[{\"@type\":\"ListItem\",\"position\":1,\"name\":\"Accueil\",\"item\":\"https:\/\/www.jonathanfavorel.fr\/\"},{\"@type\":\"ListItem\",\"position\":2,\"name\":\"\u00c0 Propos\"}]},{\"@type\":\"WebSite\",\"@id\":\"https:\/\/www.jonathanfavorel.fr\/#website\",\"url\":\"https:\/\/www.jonathanfavorel.fr\/\",\"name\":\"Jonathan Favorel\",\"description\":\"R\u00e9alisation Vid\u00e9o \/ Postproduction\",\"potentialAction\":[{\"@type\":\"SearchAction\",\"target\":{\"@type\":\"EntryPoint\",\"urlTemplate\":\"https:\/\/www.jonathanfavorel.fr\/?s={search_term_string}\"},\"query-input\":{\"@type\":\"PropertyValueSpecification\",\"valueRequired\":true,\"valueName\":\"search_term_string\"}}],\"inLanguage\":\"fr-FR\"}]}<\/script>\n<!-- \/ Yoast SEO plugin. -->","yoast_head_json":{"title":"\u00c0 Propos - Jonathan Favorel","robots":{"index":"index","follow":"follow","max-snippet":"max-snippet:-1","max-image-preview":"max-image-preview:large","max-video-preview":"max-video-preview:-1"},"canonical":"https:\/\/www.jonathanfavorel.fr\/?page_id=2","og_locale":"fr_FR","og_type":"article","og_title":"\u00c0 Propos - Jonathan Favorel","og_description":"J&rsquo;ai obtenu mon Dipl\u00f4me Technicien Audiovisuel Multitechnique (RNCP 2), en alternance, \u00e0 l&rsquo;\u00e9cole EICAR, en 2017.","og_url":"https:\/\/www.jonathanfavorel.fr\/?page_id=2","og_site_name":"Jonathan Favorel","article_modified_time":"2024-07-25T17:11:43+00:00","og_image":[{"url":"http:\/\/jonathanfavorel.fr\/wp-content\/uploads\/2024\/07\/JF-1.jpg","type":"","width":"","height":""}],"twitter_card":"summary_large_image","twitter_misc":{"Dur\u00e9e de lecture estim\u00e9e":"1 minute"},"schema":{"@context":"https:\/\/schema.org","@graph":[{"@type":"WebPage","@id":"https:\/\/www.jonathanfavorel.fr\/?page_id=2","url":"https:\/\/www.jonathanfavorel.fr\/?page_id=2","name":"\u00c0 Propos - Jonathan Favorel","isPartOf":{"@id":"https:\/\/www.jonathanfavorel.fr\/#website"},"primaryImageOfPage":{"@id":"https:\/\/www.jonathanfavorel.fr\/?page_id=2#primaryimage"},"image":{"@id":"https:\/\/www.jonathanfavorel.fr\/?page_id=2#primaryimage"},"thumbnailUrl":"http:\/\/jonathanfavorel.fr\/wp-content\/uploads\/2024\/07\/JF-1.jpg","datePublished":"2024-06-08T11:21:17+00:00","dateModified":"2024-07-25T17:11:43+00:00","breadcrumb":{"@id":"https:\/\/www.jonathanfavorel.fr\/?page_id=2#breadcrumb"},"inLanguage":"fr-FR","potentialAction":[{"@type":"ReadAction","target":["https:\/\/www.jonathanfavorel.fr\/?page_id=2"]}]},{"@type":"ImageObject","inLanguage":"fr-FR","@id":"https:\/\/www.jonathanfavorel.fr\/?page_id=2#primaryimage","url":"http:\/\/jonathanfavorel.fr\/wp-content\/uploads\/2024\/07\/JF-1.jpg","contentUrl":"http:\/\/jonathanfavorel.fr\/wp-content\/uploads\/2024\/07\/JF-1.jpg"},{"@type":"BreadcrumbList","@id":"https:\/\/www.jonathanfavorel.fr\/?page_id=2#breadcrumb","itemListElement":[{"@type":"ListItem","position":1,"name":"Accueil","item":"https:\/\/www.jonathanfavorel.fr\/"},{"@type":"ListItem","position":2,"name":"\u00c0 Propos"}]},{"@type":"WebSite","@id":"https:\/\/www.jonathanfavorel.fr\/#website","url":"https:\/\/www.jonathanfavorel.fr\/","name":"Jonathan Favorel","description":"R\u00e9alisation Vid\u00e9o \/ Postproduction","potentialAction":[{"@type":"SearchAction","target":{"@type":"EntryPoint","urlTemplate":"https:\/\/www.jonathanfavorel.fr\/?s={search_term_string}"},"query-input":{"@type":"PropertyValueSpecification","valueRequired":true,"valueName":"search_term_string"}}],"inLanguage":"fr-FR"}]}},"jetpack_sharing_enabled":true,"_links":{"self":[{"href":"https:\/\/www.jonathanfavorel.fr\/index.php?rest_route=\/wp\/v2\/pages\/2","targetHints":{"allow":["GET"]}}],"collection":[{"href":"https:\/\/www.jonathanfavorel.fr\/index.php?rest_route=\/wp\/v2\/pages"}],"about":[{"href":"https:\/\/www.jonathanfavorel.fr\/index.php?rest_route=\/wp\/v2\/types\/page"}],"author":[{"embeddable":true,"href":"https:\/\/www.jonathanfavorel.fr\/index.php?rest_route=\/wp\/v2\/users\/1"}],"replies":[{"embeddable":true,"href":"https:\/\/www.jonathanfavorel.fr\/index.php?rest_route=%2Fwp%2Fv2%2Fcomments&post=2"}],"version-history":[{"count":24,"href":"https:\/\/www.jonathanfavorel.fr\/index.php?rest_route=\/wp\/v2\/pages\/2\/revisions"}],"predecessor-version":[{"id":1019,"href":"https:\/\/www.jonathanfavorel.fr\/index.php?rest_route=\/wp\/v2\/pages\/2\/revisions\/1019"}],"wp:attachment":[{"href":"https:\/\/www.jonathanfavorel.fr\/index.php?rest_route=%2Fwp%2Fv2%2Fmedia&parent=2"}],"curies":[{"name":"wp","href":"https:\/\/api.w.org\/{rel}","templated":true}]}}